[INFO] cloning repository https://github.com/paulsevere/color-picker
[INFO] running `Command { std: "git" "-c" "credential.helper=" "-c" "credential.helper=/workspace/cargo-home/bin/git-credential-null" "clone" "--bare" "https://github.com/paulsevere/color-picker" "/workspace/cache/git-repos/https%3A%2F%2Fgithub.com%2Fpaulsevere%2Fcolor-picker", kill_on_drop: false }`
[INFO] [stderr] Cloning into bare repository '/workspace/cache/git-repos/https%3A%2F%2Fgithub.com%2Fpaulsevere%2Fcolor-picker'...
[INFO] running `Command { std: "git" "rev-parse" "HEAD", kill_on_drop: false }`
[INFO] [stdout] c2e5d21215af5150a62a063b1db4766882eba3a0
[INFO] building paulsevere/color-picker against master#881c1ac408d93bb7adaa3a51dabab9266e82eee8 for issue-85264
[INFO] running `Command { std: "git" "clone" "/workspace/cache/git-repos/https%3A%2F%2Fgithub.com%2Fpaulsevere%2Fcolor-picker" "/workspace/builds/worker-7/source", kill_on_drop: false }`
[INFO] [stderr] Cloning into '/workspace/builds/worker-7/source'...
[INFO] [stderr] done.
[INFO] validating manifest of git repo https://github.com/paulsevere/color-picker on toolchain 881c1ac408d93bb7adaa3a51dabab9266e82eee8
[INFO] running `Command { std: "/workspace/cargo-home/bin/cargo" "+881c1ac408d93bb7adaa3a51dabab9266e82eee8" "metadata" "--manifest-path" "Cargo.toml" "--no-deps", kill_on_drop: false }`
[INFO] started tweaking git repo https://github.com/paulsevere/color-picker
[INFO] finished tweaking git repo https://github.com/paulsevere/color-picker
[INFO] tweaked toml for git repo https://github.com/paulsevere/color-picker written to /workspace/builds/worker-7/source/Cargo.toml
[INFO] crate git repo https://github.com/paulsevere/color-picker already has a lockfile, it will not be regenerated
[INFO] running `Command { std: "/workspace/cargo-home/bin/cargo" "+881c1ac408d93bb7adaa3a51dabab9266e82eee8" "fetch" "--manifest-path" "Cargo.toml", kill_on_drop: false }`
[INFO] [stderr]  Downloading crates ...
[INFO] [stderr]   Downloaded clipboard-win v2.0.1
[INFO] [stderr]   Downloaded gl_generator v0.5.4
[INFO] [stderr]   Downloaded x11-clipboard v0.1.4
[INFO] [stderr]   Downloaded clipboard v0.4.0
[INFO] [stderr]   Downloaded deflate v0.7.12
[INFO] [stderr]   Downloaded piston2d-shapes v0.15.0
[INFO] running `Command { std: "docker" "create" "-v" "/var/lib/crater-agent-workspace/builds/worker-7/target:/opt/rustwide/target:rw,Z" "-v" "/var/lib/crater-agent-workspace/builds/worker-7/source:/opt/rustwide/workdir:ro,Z" "-v" "/var/lib/crater-agent-workspace/cargo-home:/opt/rustwide/cargo-home:ro,Z" "-v" "/var/lib/crater-agent-workspace/rustup-home:/opt/rustwide/rustup-home:ro,Z" "-e" "SOURCE_DIR=/opt/rustwide/workdir" "-e" "CARGO_TARGET_DIR=/opt/rustwide/target" "-e" "CARGO_HOME=/opt/rustwide/cargo-home" "-e" "RUSTUP_HOME=/opt/rustwide/rustup-home" "-w" "/opt/rustwide/workdir" "-m" "1610612736" "--user" "0:0" "--network" "none" "ghcr.io/rust-lang/crates-build-env/linux@sha256:20528e8c29e4536546f0102ce88568b16ea7538393a33fcca951030f7af10457" "/opt/rustwide/cargo-home/bin/cargo" "+881c1ac408d93bb7adaa3a51dabab9266e82eee8" "metadata" "--no-deps" "--format-version=1", kill_on_drop: false }`
[INFO] [stdout] b04f7ae215654a00caa66835897a95cca223f0b4ae3025564516f0c0616ef45d
[INFO] [stderr] WARNING: Your kernel does not support swap limit capabilities or the cgroup is not mounted. Memory limited without swap.
[INFO] running `Command { std: "docker" "start" "-a" "b04f7ae215654a00caa66835897a95cca223f0b4ae3025564516f0c0616ef45d", kill_on_drop: false }`
[INFO] running `Command { std: "docker" "inspect" "b04f7ae215654a00caa66835897a95cca223f0b4ae3025564516f0c0616ef45d", kill_on_drop: false }`
[INFO] running `Command { std: "docker" "rm" "-f" "b04f7ae215654a00caa66835897a95cca223f0b4ae3025564516f0c0616ef45d", kill_on_drop: false }`
[INFO] [stdout] b04f7ae215654a00caa66835897a95cca223f0b4ae3025564516f0c0616ef45d
[INFO] running `Command { std: "docker" "create" "-v" "/var/lib/crater-agent-workspace/builds/worker-7/target:/opt/rustwide/target:rw,Z" "-v" "/var/lib/crater-agent-workspace/builds/worker-7/source:/opt/rustwide/workdir:ro,Z" "-v" "/var/lib/crater-agent-workspace/cargo-home:/opt/rustwide/cargo-home:ro,Z" "-v" "/var/lib/crater-agent-workspace/rustup-home:/opt/rustwide/rustup-home:ro,Z" "-e" "SOURCE_DIR=/opt/rustwide/workdir" "-e" "CARGO_TARGET_DIR=/opt/rustwide/target" "-e" "CARGO_INCREMENTAL=0" "-e" "RUST_BACKTRACE=full" "-e" "RUSTFLAGS=--cap-lints=forbid" "-e" "CARGO_HOME=/opt/rustwide/cargo-home" "-e" "RUSTUP_HOME=/opt/rustwide/rustup-home" "-w" "/opt/rustwide/workdir" "-m" "1610612736" "--user" "0:0" "--network" "none" "ghcr.io/rust-lang/crates-build-env/linux@sha256:20528e8c29e4536546f0102ce88568b16ea7538393a33fcca951030f7af10457" "/opt/rustwide/cargo-home/bin/cargo" "+881c1ac408d93bb7adaa3a51dabab9266e82eee8" "build" "--frozen" "--message-format=json", kill_on_drop: false }`
[INFO] [stdout] dbc1539d7856b4f66d40dbe08267f19e75dfbb466a6be890fe92a1c70076bb85
[INFO] [stderr] WARNING: Your kernel does not support swap limit capabilities or the cgroup is not mounted. Memory limited without swap.
[INFO] running `Command { std: "docker" "start" "-a" "dbc1539d7856b4f66d40dbe08267f19e75dfbb466a6be890fe92a1c70076bb85", kill_on_drop: false }`
[INFO] [stderr]    Compiling libc v0.2.24
[INFO] [stderr]    Compiling siphasher v0.2.2
[INFO] [stderr]    Compiling log v0.3.8
[INFO] [stderr]    Compiling lazy_static v0.2.8
[INFO] [stderr]    Compiling rustc-serialize v0.3.24
[INFO] [stderr]    Compiling either v1.1.0
[INFO] [stderr]    Compiling dtoa v0.4.1
[INFO] [stderr]    Compiling itoa v0.3.1
[INFO] [stderr]    Compiling bitflags v0.8.2
[INFO] [stderr]    Compiling piston-float v0.3.0
[INFO] [stderr]    Compiling byteorder v1.0.0
[INFO] [stderr]    Compiling bitflags v0.7.0
[INFO] [stderr]    Compiling winapi-build v0.1.1
[INFO] [stderr]    Compiling semver v0.1.20
[INFO] [stderr]    Compiling scopeguard v0.3.2
[INFO] [stderr]    Compiling rayon-core v1.2.1
[INFO] [stderr]    Compiling futures v0.1.14
[INFO] [stderr]    Compiling quote v0.3.15
[INFO] [stderr]    Compiling unicode-xid v0.0.4
[INFO] [stderr]    Compiling pkg-config v0.3.9
[INFO] [stderr]    Compiling shader_version v0.2.2
[INFO] [stderr]    Compiling gcc v0.3.51
[INFO] [stderr]    Compiling adler32 v1.0.0
[INFO] [stderr]    Compiling inflate v0.2.0
[INFO] [stderr]    Compiling color_quant v1.0.0
[INFO] [stderr]    Compiling odds v0.2.25
[INFO] [stderr]    Compiling piston-texture v0.5.0
[INFO] [stderr]    Compiling scoped_threadpool v0.1.7
[INFO] [stderr]    Compiling read_color v0.1.0
[INFO] [stderr]    Compiling byteorder v0.4.2
[INFO] [stderr]    Compiling interpolation v0.1.0
[INFO] [stderr]    Compiling rustc-demangle v0.1.4
[INFO] [stderr]    Compiling cfg-if v0.1.1
[INFO] [stderr]    Compiling linked-hash-map v0.0.10
[INFO] [stderr]    Compiling piston-shaders_graphics2d v0.3.1
[INFO] [stderr]    Compiling fnv v1.0.5
[INFO] [stderr]    Compiling dump v0.1.1
[INFO] [stderr]    Compiling find_folder v0.3.0
[INFO] [stderr]    Compiling num-integer v0.1.34
[INFO] [stderr]    Compiling enum_primitive v0.1.1
[INFO] [stderr]    Compiling xml-rs v0.6.0
[INFO] [stderr]    Compiling draw_state v0.7.1
[INFO] [stderr]    Compiling xml-rs v0.3.6
[INFO] [stderr]    Compiling piston-viewport v0.3.0
[INFO] [stderr]    Compiling vecmath v0.3.0
[INFO] [stderr]    Compiling coco v0.1.1
[INFO] [stderr]    Compiling itertools v0.5.10
[INFO] [stderr]    Compiling phf_shared v0.7.21
[INFO] [stderr]    Compiling serde_json v0.9.10
[INFO] [stderr]    Compiling kernel32-sys v0.2.2
[INFO] [stderr]    Compiling deflate v0.7.12
[INFO] [stderr]    Compiling rustc_version v0.1.7
[INFO] [stderr]    Compiling syn v0.10.8
[INFO] [stderr]    Compiling gif v0.9.2
[INFO] [stderr]    Compiling rand v0.3.15
[INFO] [stderr]    Compiling num_cpus v1.6.2
[INFO] [stderr]    Compiling shared_library v0.1.6
[INFO] [stderr]    Compiling xcb v0.7.6
[INFO] [stderr]    Compiling stb_truetype v0.2.1
[INFO] [stderr]    Compiling nodrop v0.1.9
[INFO] [stderr]    Compiling num-iter v0.1.33
[INFO] [stderr]    Compiling phf v0.7.21
[INFO] [stderr]    Compiling x11-dl v2.14.0
[INFO] [stderr]    Compiling piston2d-graphics v0.21.1
[INFO] [stderr]    Compiling tempfile v2.1.5
[INFO] [stderr]    Compiling osmesa-sys v0.1.2
[INFO] [stderr]    Compiling backtrace-sys v0.1.11
[INFO] [stderr]    Compiling arrayvec v0.3.23
[INFO] [stderr]    Compiling png v0.8.0
[INFO] [stderr]    Compiling gl_generator v0.5.4
[INFO] [stderr]    Compiling wayland-scanner v0.8.7
[INFO] [stderr]    Compiling phf_generator v0.7.21
[INFO] [stderr]    Compiling rusttype v0.2.1
[INFO] [stderr]    Compiling fs2 v0.2.5
[INFO] [stderr]    Compiling phf_codegen v0.7.21
[INFO] [stderr]    Compiling piston2d-shapes v0.15.0
[INFO] [stderr] error: failed to run custom build command for `xcb v0.7.6`
[INFO] [stderr] 
[INFO] [stderr] Caused by:
[INFO] [stderr]   process didn't exit successfully: `/opt/rustwide/target/debug/build/xcb-9decd8cc04d5cc7c/build-script-build` (exit status: 101)
[INFO] [stderr]   --- stderr
[INFO] [stderr]   error occured in handler:  ('event:   ', ('xcb', 'Sync', 'AlarmNotify'))
[INFO] [stderr]   Traceback (most recent call last):
[INFO] [stderr]     File "/opt/rustwide/cargo-home/registry/src/github.com-1ecc6299db9ec823/xcb-0.7.6/rs_client.py", line 2401, in <module>
[INFO] [stderr]       module.generate()
[INFO] [stderr]     File "/opt/rustwide/cargo-home/registry/src/github.com-1ecc6299db9ec823/xcb-0.7.6/xcbgen/state.py", line 108, in generate
[INFO] [stderr]       self.close()
[INFO] [stderr]     File "/opt/rustwide/cargo-home/registry/src/github.com-1ecc6299db9ec823/xcb-0.7.6/rs_client.py", line 291, in rs_close
[INFO] [stderr]       _f.writeout(os.path.join(module.rs_srcdir, "ffi", "%s.rs" % _module_name(_ns.ext_name)))
[INFO] [stderr]     File "/opt/rustwide/cargo-home/registry/src/github.com-1ecc6299db9ec823/xcb-0.7.6/rs_client.py", line 115, in writeout
[INFO] [stderr]       with open(path, 'w') as f:
[INFO] [stderr]   OSError: [Errno 30] Read-only file system: '/opt/rustwide/cargo-home/registry/src/github.com-1ecc6299db9ec823/xcb-0.7.6/src/ffi/sync.rs'
[INFO] [stderr]   thread 'main' panicked at 'processing of /opt/rustwide/cargo-home/registry/src/github.com-1ecc6299db9ec823/xcb-0.7.6/xml/sync.xml returned non-zero (1)', /opt/rustwide/cargo-home/registry/src/github.com-1ecc6299db9ec823/xcb-0.7.6/build.rs:73:17
[INFO] [stderr]   stack backtrace:
[INFO] [stderr]      0:     0x5557b7a21650 - std::backtrace_rs::backtrace::libunwind::trace::hdcf4f90f85129e83
[INFO] [stderr]                                  at /rustc/881c1ac408d93bb7adaa3a51dabab9266e82eee8/library/std/src/../../backtrace/src/backtrace/libunwind.rs:90:5
[INFO] [stderr]      1:     0x5557b7a21650 - std::backtrace_rs::backtrace::trace_unsynchronized::h2669e30cb82f6732
[INFO] [stderr]                                  at /rustc/881c1ac408d93bb7adaa3a51dabab9266e82eee8/library/std/src/../../backtrace/src/backtrace/mod.rs:66:5
[INFO] [stderr]      2:     0x5557b7a21650 - std::sys_common::backtrace::_print_fmt::hfbda19e17f6db318
[INFO] [stderr]                                  at /rustc/881c1ac408d93bb7adaa3a51dabab9266e82eee8/library/std/src/sys_common/backtrace.rs:67:5
[INFO] [stderr]      3:     0x5557b7a21650 - <std::sys_common::backtrace::_print::DisplayBacktrace as core::fmt::Display>::fmt::h1a8751bf59281272
[INFO] [stderr]                                  at /rustc/881c1ac408d93bb7adaa3a51dabab9266e82eee8/library/std/src/sys_common/backtrace.rs:46:22
[INFO] [stderr]      4:     0x5557b7a3f14f - core::fmt::write::h7aa6cd0067dca82a
[INFO] [stderr]                                  at /rustc/881c1ac408d93bb7adaa3a51dabab9266e82eee8/library/core/src/fmt/mod.rs:1094:17
[INFO] [stderr]      5:     0x5557b7a1f295 - std::io::Write::write_fmt::hd7dd3a1df9b6befb
[INFO] [stderr]                                  at /rustc/881c1ac408d93bb7adaa3a51dabab9266e82eee8/library/std/src/io/mod.rs:1584:15
[INFO] [stderr]      6:     0x5557b7a232fb - std::sys_common::backtrace::_print::h551e9ec8a9fa8106
[INFO] [stderr]                                  at /rustc/881c1ac408d93bb7adaa3a51dabab9266e82eee8/library/std/src/sys_common/backtrace.rs:49:5
[INFO] [stderr]      7:     0x5557b7a232fb - std::sys_common::backtrace::print::ha4b1c5e95fa040b3
[INFO] [stderr]                                  at /rustc/881c1ac408d93bb7adaa3a51dabab9266e82eee8/library/std/src/sys_common/backtrace.rs:36:9
[INFO] [stderr]      8:     0x5557b7a232fb - std::panicking::default_hook::{{closure}}::h0b34c9ab7fb9f857
[INFO] [stderr]                                  at /rustc/881c1ac408d93bb7adaa3a51dabab9266e82eee8/library/std/src/panicking.rs:208:50
[INFO] [stderr]      9:     0x5557b7a22ddd - std::panicking::default_hook::h3067e8318decd17a
[INFO] [stderr]                                  at /rustc/881c1ac408d93bb7adaa3a51dabab9266e82eee8/library/std/src/panicking.rs:225:9
[INFO] [stderr]     10:     0x5557b7a238ad - std::panicking::rust_panic_with_hook::h81b8facc50f34daa
[INFO] [stderr]                                  at /rustc/881c1ac408d93bb7adaa3a51dabab9266e82eee8/library/std/src/panicking.rs:591:17
[INFO] [stderr]     11:     0x5557b7a234a7 - std::panicking::begin_panic_handler::{{closure}}::ha376ab85d95a000e
[INFO] [stderr]                                  at /rustc/881c1ac408d93bb7adaa3a51dabab9266e82eee8/library/std/src/panicking.rs:497:13
[INFO] [stderr]     12:     0x5557b7a21b0c - std::sys_common::backtrace::__rust_end_short_backtrace::h6795c8afdd1a77e6
[INFO] [stderr]                                  at /rustc/881c1ac408d93bb7adaa3a51dabab9266e82eee8/library/std/src/sys_common/backtrace.rs:141:18
[INFO] [stderr]     13:     0x5557b7a23409 - rust_begin_unwind
[INFO] [stderr]                                  at /rustc/881c1ac408d93bb7adaa3a51dabab9266e82eee8/library/std/src/panicking.rs:493:5
[INFO] [stderr]     14:     0x5557b7a04b7b - std::panicking::begin_panic_fmt::hf43a0025042538e2
[INFO] [stderr]                                  at /rustc/881c1ac408d93bb7adaa3a51dabab9266e82eee8/library/std/src/panicking.rs:435:5
[INFO] [stderr]     15:     0x5557b7a0b8cd - build_script_build::main::{{closure}}::ha937b15c048d96a7
[INFO] [stderr]                                  at /opt/rustwide/cargo-home/registry/src/github.com-1ecc6299db9ec823/xcb-0.7.6/build.rs:73:17
[INFO] [stderr]     16:     0x5557b7a0a3e5 - build_script_build::visit_xml::hd32ecc7f5d61733b
[INFO] [stderr]                                  at /opt/rustwide/cargo-home/registry/src/github.com-1ecc6299db9ec823/xcb-0.7.6/build.rs:20:44
[INFO] [stderr]     17:     0x5557b7a0abc3 - build_script_build::main::h42aeb192c2f867e2
[INFO] [stderr]                                  at /opt/rustwide/cargo-home/registry/src/github.com-1ecc6299db9ec823/xcb-0.7.6/build.rs:56:5
[INFO] [stderr]     18:     0x5557b7a07e4b - core::ops::function::FnOnce::call_once::h326f20e6d9ad2f4c
[INFO] [stderr]                                  at /rustc/881c1ac408d93bb7adaa3a51dabab9266e82eee8/library/core/src/ops/function.rs:227:5
[INFO] [stderr]     19:     0x5557b7a08cee - std::sys_common::backtrace::__rust_begin_short_backtrace::h147e6a79e470a0f5
[INFO] [stderr]                                  at /rustc/881c1ac408d93bb7adaa3a51dabab9266e82eee8/library/std/src/sys_common/backtrace.rs:125:18
[INFO] [stderr]     20:     0x5557b7a0d671 - std::rt::lang_start::{{closure}}::h1bc22f84968ca7e1
[INFO] [stderr]                                  at /rustc/881c1ac408d93bb7adaa3a51dabab9266e82eee8/library/std/src/rt.rs:49:18
[INFO] [stderr]     21:     0x5557b7a23caa - core::ops::function::impls::<impl core::ops::function::FnOnce<A> for &F>::call_once::h3b8c329143d7638a
[INFO] [stderr]                                  at /rustc/881c1ac408d93bb7adaa3a51dabab9266e82eee8/library/core/src/ops/function.rs:259:13
[INFO] [stderr]     22:     0x5557b7a23caa - std::panicking::try::do_call::h4b72c261b4eefc1b
[INFO] [stderr]                                  at /rustc/881c1ac408d93bb7adaa3a51dabab9266e82eee8/library/std/src/panicking.rs:379:40
[INFO] [stderr]     23:     0x5557b7a23caa - std::panicking::try::h703d31b7896cbd49
[INFO] [stderr]                                  at /rustc/881c1ac408d93bb7adaa3a51dabab9266e82eee8/library/std/src/panicking.rs:343:19
[INFO] [stderr]     24:     0x5557b7a23caa - std::panic::catch_unwind::h37cad9b35388a915
[INFO] [stderr]                                  at /rustc/881c1ac408d93bb7adaa3a51dabab9266e82eee8/library/std/src/panic.rs:431:14
[INFO] [stderr]     25:     0x5557b7a23caa - std::rt::lang_start_internal::hab5a8a909af4f90e
[INFO] [stderr]                                  at /rustc/881c1ac408d93bb7adaa3a51dabab9266e82eee8/library/std/src/rt.rs:34:21
[INFO] [stderr]     26:     0x5557b7a0d650 - std::rt::lang_start::h8aab3465f19e1c94
[INFO] [stderr]                                  at /rustc/881c1ac408d93bb7adaa3a51dabab9266e82eee8/library/std/src/rt.rs:48:5
[INFO] [stderr]     27:     0x5557b7a0b9fc - main
[INFO] [stderr]     28:     0x7f51ad3460b3 - __libc_start_main
[INFO] [stderr]     29:     0x5557b7a058ae - _start
[INFO] [stderr]     30:                0x0 - <unknown>
[INFO] [stderr] warning: build failed, waiting for other jobs to finish...
[INFO] [stdout] error[E0311]: the parameter type `K` may not live long enough
[INFO] [stdout]   --> /opt/rustwide/cargo-home/registry/src/github.com-1ecc6299db9ec823/rusttype-0.2.1/src/support/bst/map.rs:81:19
[INFO] [stdout]    |
[INFO] [stdout] 81 |             match node.force() {
[INFO] [stdout]    |                   ^^^^
[INFO] [stdout]    |
[INFO] [stdout] note: the parameter type `K` must be valid for the anonymous lifetime defined on the function body at 78:37...
[INFO] [stdout]   --> /opt/rustwide/cargo-home/registry/src/github.com-1ecc6299db9ec823/rusttype-0.2.1/src/support/bst/map.rs:78:37
[INFO] [stdout]    |
[INFO] [stdout] 78 |                 node: node::NodeRef<marker::Immut, K, V, marker::LeafOrInternal>)
[INFO] [stdout]    |                                     ^^^^^^^^^^^^^
[INFO] [stdout] 
[INFO] [stdout] 
[INFO] [stdout] error[E0311]: the parameter type `V` may not live long enough
[INFO] [stdout]   --> /opt/rustwide/cargo-home/registry/src/github.com-1ecc6299db9ec823/rusttype-0.2.1/src/support/bst/map.rs:81:19
[INFO] [stdout]    |
[INFO] [stdout] 81 |             match node.force() {
[INFO] [stdout]    |                   ^^^^
[INFO] [stdout]    |
[INFO] [stdout] note: the parameter type `V` must be valid for the anonymous lifetime defined on the function body at 78:37...
[INFO] [stdout]   --> /opt/rustwide/cargo-home/registry/src/github.com-1ecc6299db9ec823/rusttype-0.2.1/src/support/bst/map.rs:78:37
[INFO] [stdout]    |
[INFO] [stdout] 78 |                 node: node::NodeRef<marker::Immut, K, V, marker::LeafOrInternal>)
[INFO] [stdout]    |                                     ^^^^^^^^^^^^^
[INFO] [stdout] 
[INFO] [stdout] 
[INFO] [stdout] error: aborting due to 2 previous errors
[INFO] [stdout] 
[INFO] [stdout] 
[INFO] [stderr] error: build failed
[INFO] running `Command { std: "docker" "inspect" "dbc1539d7856b4f66d40dbe08267f19e75dfbb466a6be890fe92a1c70076bb85", kill_on_drop: false }`
[INFO] running `Command { std: "docker" "rm" "-f" "dbc1539d7856b4f66d40dbe08267f19e75dfbb466a6be890fe92a1c70076bb85", kill_on_drop: false }`
[INFO] [stdout] dbc1539d7856b4f66d40dbe08267f19e75dfbb466a6be890fe92a1c70076bb85
